{"id":55,"date":"2013-04-08T04:07:37","date_gmt":"2013-04-08T04:07:37","guid":{"rendered":"http:\/\/insesasrl.com\/www\/?page_id=55"},"modified":"2019-09-20T02:06:57","modified_gmt":"2019-09-20T06:06:57","slug":"servicios","status":"publish","type":"page","link":"http:\/\/insesasrl.com\/www\/servicios\/","title":{"rendered":"Servicios"},"content":{"rendered":"<div style=\"max-width: 60%; float: left; margin-right: 16px;\">\n<p><script src=\"http:\/\/insesasrl.com\/SpryAssets\/SpryCollapsiblePanel.js\" type=\"text\/javascript\"><\/script> <a style=\"color: black;\" name=\"instalaciones\"><\/a><\/p>\n<div id=\"CollapsiblePanel1\" class=\"CollapsiblePanel\">\n<div class=\"CollapsiblePanelTab\" tabindex=\"0\">Instalaciones el\u00e9ctricas y de infraestructura.<\/div>\n<div class=\"CollapsiblePanelContent\">\n<ul>\n<li>Infraestructura de Mediana Tensi\u00f3n a\u00e9rea o soterrada.<\/li>\n<li>Subestaciones el\u00e9ctricas de potencia.<\/li>\n<li>Transformadores.<\/li>\n<li>Generadores el\u00e9ctricos.<\/li>\n<li>Paneles de Sincronismo para Generadores El\u00e9ctricos.<\/li>\n<li>Interruptores de transferencia autom\u00e1tica (ITA).<\/li>\n<li>Panelboards, SwitchBoard y Switchgear.<\/li>\n<li>Actualizaciones de sistemas de controles industriales y de sistema de generaci\u00f3n el\u00e9ctrica.<\/li>\n<\/ul>\n<\/div>\n<\/div>\n<p><a style=\"color: black;\" name=\"instalaciones\"><\/a><br \/>\n<a style=\"color: black;\" name=\"auditorias\"><\/a><\/p>\n<p><a style=\"color: black;\" name=\"auditorias\"><\/a><\/p>\n<div id=\"CollapsiblePanel2\" class=\"CollapsiblePanel\">\n<div class=\"CollapsiblePanelTab\" tabindex=\"0\">Auditor\u00edas energ\u00e9ticas<\/div>\n<div class=\"CollapsiblePanelContent\">\n<ul>\n<li>Evaluaci\u00f3n y an\u00e1lisis de Calidad de energ\u00eda (Factor de potencia, arm\u00f3nicos, transitorios, depresiones o aumentos de voltaje etc&#8230;).<\/li>\n<li>Auditor\u00edas energ\u00e9ticas desde el punto de vista de la facturaci\u00f3n, potencia contratada, consumo energ\u00e9tico KWhr, Penalidades de potencia, buscando posibles soluciones que conlleven ahorros en la tarifa energ\u00e9tica.<\/li>\n<li>Evaluaciones de Termograf\u00edas a instalaciones el\u00e9ctricas.<\/li>\n<\/ul>\n<\/div>\n<p><a style=\"color: black;\" name=\"auditorias\"><\/a><\/p>\n<\/div>\n<div id=\"CollapsiblePanel3\" class=\"CollapsiblePanel\">\n<div class=\"CollapsiblePanelTab\" tabindex=\"0\">Instalaciones Mec\u00e1nicas<\/div>\n<div class=\"CollapsiblePanelContent\">\n<ul>\n<li>Sistema de Aire Comprimido.<\/li>\n<li>Sistema de Agua.<\/li>\n<li>Sistemas de Combustibles (Gas, Gasoil etc&#8230;).<\/li>\n<\/ul>\n<\/div>\n<\/div>\n<p><a style=\"color: black;\" name=\"climatizacion\"><\/a><\/p>\n<p><a style=\"color: black;\" name=\"climatizacion\"><\/a><\/p>\n<div id=\"CollapsiblePanel4\" class=\"CollapsiblePanel\">\n<div class=\"CollapsiblePanelTab\" tabindex=\"0\">Instalaciones de Climatizaci\u00f3n y ventilaci\u00f3n<\/div>\n<div class=\"CollapsiblePanelContent\">\n<ul>\n<li>Sistema de climatizaci\u00f3n de aire acondicionado tipo Split y paquete de expansi\u00f3n directa (consolas de pared, Piso techo, Fan-coil, Manejadora etc&#8230;).<\/li>\n<li>Sistema de climatizaci\u00f3n de aire acondicionado con agua como refrigerante (Chiller), con equipos de tiro vertical o torre de enfriamiento con o sin equipos recuperadores de calor.<\/li>\n<li>Sistemas de extracci\u00f3n y ventilaci\u00f3n de aire usando equipos extractores o inyectores de aire tipo de pared, de l\u00ednea (con o sin conductos), de techos con funcionamiento con energ\u00eda el\u00e9ctrica o e\u00f3licos.<\/li>\n<li>Cuartos Fr\u00edos para conservaci\u00f3n y almacenamiento de alimentos y materia Prima.<\/li>\n<\/ul>\n<\/div>\n<p><a style=\"color: black;\" name=\"climatizacion\"><\/a><\/p>\n<\/div>\n<div id=\"CollapsiblePanel5\" class=\"CollapsiblePanel\">\n<div class=\"CollapsiblePanelTab\" tabindex=\"0\">Instalaciones de Sistemas de seguridad electr\u00f3nica<\/div>\n<div class=\"CollapsiblePanelContent\">\n<ul>\n<li>Sistemas de Detecci\u00f3n de Incendio.<\/li>\n<li>Circuito Cerrado de Televisi\u00f3n (CCTV).<\/li>\n<li>Sistemas de Control de Acceso.<\/li>\n<li>Sistemas de Alarmas Contra Robo y Asalto.<\/li>\n<\/ul>\n<\/div>\n<\/div>\n<div id=\"CollapsiblePanel6\" class=\"CollapsiblePanel\">\n<div class=\"CollapsiblePanelTab\" tabindex=\"0\">Equipos de control de procesos industriales automatizados<\/div>\n<div class=\"CollapsiblePanelContent\">\n<ul>\n<li>Dise\u00f1o.<\/li>\n<li>Retrofit.<\/li>\n<li>Instalaci\u00f3n y Actualizaci\u00f3n (update) a sistemas de control maquinarias de producci\u00f3n.<\/li>\n<\/ul>\n<\/div>\n<\/div>\n<div id=\"CollapsiblePanel7\" class=\"CollapsiblePanel\">\n<div class=\"CollapsiblePanelTab\" tabindex=\"0\">Mantenimiento preventivo y predictivo por contrato<\/div>\n<div class=\"CollapsiblePanelContent\">\n<ul>\n<li>De los equipos el\u00e9ctricos electr\u00f3nicos.<\/li>\n<li>Subestaciones.<\/li>\n<li>Arrancadores.<\/li>\n<li>Variadores de velocidad.<\/li>\n<li>Sensores industriales.<\/li>\n<li>Medidores de: Flujo, nivel, Temperatura, Presi\u00f3n etc..<\/li>\n<li>Paneles de Sincronismo para Generadores El\u00e9ctricos e interruptores de Transferencia autom\u00e1tica (ITA).<\/li>\n<li>Equipos de climatizaci\u00f3n.<\/li>\n<\/ul>\n<\/div>\n<\/div>\n<div id=\"CollapsiblePanel8\" class=\"CollapsiblePanel\">\n<div class=\"CollapsiblePanelTab\" tabindex=\"0\">Suministro e instalaci\u00f3n Cuartos Limpios en funci\u00f3n de las normas<br \/>\n(ISO 14644\/FS 209E)<\/div>\n<div class=\"CollapsiblePanelContent\">\n<ul>\n<li>Instalaciones el\u00e9ctricas.<\/li>\n<li>Seguridad electr\u00f3nica.<\/li>\n<li>Iluminaci\u00f3n.<\/li>\n<li>Climatizaci\u00f3n.<\/li>\n<li>Muros divisiones.<\/li>\n<li>Pisos.<\/li>\n<li>Techos.<\/li>\n<\/ul>\n<\/div>\n<\/div>\n<div id=\"CollapsiblePanel9\" class=\"CollapsiblePanel\">\n<div class=\"CollapsiblePanelTab\" tabindex=\"0\">Monitoreo, Operaci\u00f3n y Control de los Sistemas el\u00e9ctricos, mec\u00e1nicos, electr\u00f3nicos y de producci\u00f3n con la plataforma multi-protocolo y multi-funci\u00f3n de Software y Hardware EC-Net AX, EC-Net AX EnerVue, EC-Net AX Security, EC-Light, EC-Smart-Vue, Open to Wireless etc\u2026 Todas soluciones Basadas en la plataforma NiagaraAX Framework con capacidades de proporcionar una integraci\u00f3n perfecta e inteligente de los sistemas de climatizaci\u00f3n, iluminaci\u00f3n, control de acceso, CCTV, Gesti\u00f3n de la Energ\u00eda, y otros.<\/div>\n<div class=\"CollapsiblePanelContent\">\n<ul>\n<li>Visualizaci\u00f3n, operaci\u00f3n (o ambas) del sistema completo de distribuci\u00f3n de mediana y baja tensi\u00f3n donde podemos visualizar los par\u00e1metros el\u00e9ctricos y realizar las operaciones de Seccionadoras, \u201cBreakers\u201d, Paneles, Centro de control de motores etc.\u2026 desde una PC ubicado en la oficina de Mantenimiento, producci\u00f3n u operaci\u00f3n o de acceso remoto atreves del internet.<\/li>\n<li>Visualizaci\u00f3n, operaci\u00f3n (o ambas) del sistema completo de los equipos de Climatizaci\u00f3n (Aire condicionado) del tipo Split y tipo chillers donde podemos visualizar los par\u00e1metros del sistema y realizar las operaciones de Manejadoras, termostatos, chillers, torres de enfriamiento, calentadores de agua etc.\u2026 desde una PC ubicado en la oficina de Mantenimiento, producci\u00f3n u operaci\u00f3n o de acceso remoto atreves del internet.<\/li>\n<li>Visualizaci\u00f3n, operaci\u00f3n (o ambas) del sistema completo de l\u00edneas de producci\u00f3n donde podemos visualizar los par\u00e1metros del sistema y realizar las operaciones de correas transportadoras (conveyors), empaquetadoras, Hornos, etc.\u2026 desde una PC ubicado en la oficina de Mantenimiento, producci\u00f3n u operaci\u00f3n o de acceso remoto atreves del internet.<\/li>\n<li>Visualizaci\u00f3n de Alarmas, hist\u00f3ricos y desviaci\u00f3n de par\u00e1metros previamente seleccionados (Setpoint). Via el sistema (acceso via Web) o via Smart Phone.<\/li>\n<\/ul>\n<\/div>\n<\/div>\n<p><script type=\"text\/javascript\"><br \/>\nvar CollapsiblePanel1 = new Spry.Widget.CollapsiblePanel(\"CollapsiblePanel1\");<br \/>\nvar CollapsiblePanel2 = new Spry.Widget.CollapsiblePanel(\"CollapsiblePanel2\");<br \/>\nvar CollapsiblePanel3 = new Spry.Widget.CollapsiblePanel(\"CollapsiblePanel3\");<br \/>\nvar CollapsiblePanel4 = new Spry.Widget.CollapsiblePanel(\"CollapsiblePanel4\");<br \/>\nvar CollapsiblePanel5 = new Spry.Widget.CollapsiblePanel(\"CollapsiblePanel5\");<br \/>\nvar CollapsiblePanel6 = new Spry.Widget.CollapsiblePanel(\"CollapsiblePanel6\");<br \/>\nvar CollapsiblePanel7 = new Spry.Widget.CollapsiblePanel(\"CollapsiblePanel7\");<br \/>\nvar CollapsiblePanel8 = new Spry.Widget.CollapsiblePanel(\"CollapsiblePanel8\");<br \/>\nvar CollapsiblePanel9 = new Spry.Widget.CollapsiblePanel(\"CollapsiblePanel9\");<br \/>\n<\/script><\/p>\n<\/div>\n<div style=\"float: left; width: 37%; border-left: 1px solid #f0f0f0; padding-left: 10px; padding-bottom: 5px; border-bottom: 1px solid #f0f0f0;\">\n<p><a style=\"color: black;\" name=\"sectores\"><\/a><\/p>\n<h2>Sectores a las cuales van destinados nuestros Servicios:<\/h2>\n<p>Nuestra amplia oferta de servicios de dise\u00f1o y realizaci\u00f3n de proyectos, cubre pr\u00e1cticamente todas las \u00e1reas de la ingenier\u00eda, para proyectos de tipo:<\/p>\n<ul>\n<li>Residenciales, Comerciales e institucionales.<\/li>\n<li>Puertos y aeropuertos.<\/li>\n<li>Industriales.<\/li>\n<li>Generaci\u00f3n, transmisi\u00f3n y distribuci\u00f3n de electricidad.<\/li>\n<li>Infraestructura.<\/li>\n<li>Hoteles y marinas<\/li>\n<li>Hospitales.<\/li>\n<li>Empresas de Telefon\u00eda.<\/li>\n<li>Empresas Farmac\u00e9uticas.<\/li>\n<li>Empresas cartoneras<\/li>\n<\/ul>\n<\/div>\n","protected":false},"excerpt":{"rendered":"<p class=\"teaser\">Instalaciones el\u00e9ctricas y de infraestructura. Infraestructura de Mediana Tensi\u00f3n a\u00e9rea o soterrada. Subestaciones el\u00e9ctricas de potencia. Transformadores. Generadores el\u00e9ctricos. Paneles de Sincronismo para Generadores El\u00e9ctricos. Interruptores de transferencia autom\u00e1tica (ITA). Panelboards, SwitchBoard y Switchgear. Actualizaciones de sistemas de controles industriales y de sistema de generaci\u00f3n el\u00e9ctrica. Auditor\u00edas energ\u00e9ticas Evaluaci\u00f3n y an\u00e1lisis de Calidad de energ\u00eda &hellip;<\/p>\n","protected":false},"author":1,"featured_media":0,"parent":0,"menu_order":0,"comment_status":"open","ping_status":"open","template":"template-fullwidth.php","meta":[],"_links":{"self":[{"href":"http:\/\/insesasrl.com\/www\/wp-json\/wp\/v2\/pages\/55"}],"collection":[{"href":"http:\/\/insesasrl.com\/www\/wp-json\/wp\/v2\/pages"}],"about":[{"href":"http:\/\/insesasrl.com\/www\/wp-json\/wp\/v2\/types\/page"}],"author":[{"embeddable":true,"href":"http:\/\/insesasrl.com\/www\/wp-json\/wp\/v2\/users\/1"}],"replies":[{"embeddable":true,"href":"http:\/\/insesasrl.com\/www\/wp-json\/wp\/v2\/comments?post=55"}],"version-history":[{"count":15,"href":"http:\/\/insesasrl.com\/www\/wp-json\/wp\/v2\/pages\/55\/revisions"}],"predecessor-version":[{"id":353,"href":"http:\/\/insesasrl.com\/www\/wp-json\/wp\/v2\/pages\/55\/revisions\/353"}],"wp:attachment":[{"href":"http:\/\/insesasrl.com\/www\/wp-json\/wp\/v2\/media?parent=55"}],"curies":[{"name":"wp","href":"https:\/\/api.w.org\/{rel}","templated":true}]}}